{"id":2878,"date":"2024-08-29T09:25:57","date_gmt":"2024-08-29T08:25:57","guid":{"rendered":"https:\/\/www.kvzrt.hu\/?page_id=2878"},"modified":"2026-04-01T05:50:24","modified_gmt":"2026-04-01T04:50:24","slug":"iii-04","status":"publish","type":"page","link":"https:\/\/www.kvzrt.hu\/?page_id=2878","title":{"rendered":"III.04."},"content":{"rendered":"\n<figure class=\"wp-block-table\"><table><tbody><tr><td><strong>II.4.<\/strong><\/td><td><strong>Az \u00e1llamh\u00e1ztart\u00e1s p\u00e9nzeszk\u00f6zei felhaszn\u00e1l\u00e1s\u00e1val, az \u00e1llamh\u00e1ztart\u00e1shoz tartoz\u00f3 vagyonnal t\u00f6rt\u00e9n\u0151 gazd\u00e1lkod\u00e1ssal \u00f6sszef\u00fcgg\u0151, \u00f6tmilli\u00f3 forintot el\u00e9r\u0151 vagy azt meghalad\u00f3 \u00e9rt\u00e9k\u0171 \u00e1rubeszerz\u00e9sre, \u00e9p\u00edt\u00e9si beruh\u00e1z\u00e1sra, szolg\u00e1ltat\u00e1s megrendel\u00e9sre, vagyon\u00e9rt\u00e9kes\u00edt\u00e9sre, vagyonhasznos\u00edt\u00e1sra, vagyon vagy vagyoni \u00e9rt\u00e9k\u0171 jog \u00e1tad\u00e1s\u00e1ra, valamint koncesszi\u00f3ba ad\u00e1sra vonatkoz\u00f3 szerz\u0151d\u00e9sek megnevez\u00e9se (t\u00edpusa), t\u00e1rgya, a szerz\u0151d\u00e9st k\u00f6t\u0151 felek neve, a szerz\u0151d\u00e9s \u00e9rt\u00e9ke, hat\u00e1rozott id\u0151re k\u00f6t\u00f6tt szerz\u0151d\u00e9s eset\u00e9ben annak id\u0151tartama, valamint az eml\u00edtett adatok v\u00e1ltoz\u00e1sai, a nemzetbiztons\u00e1gi, illetve honv\u00e9delmi \u00e9rdekkel k\u00f6zvetlen\u00fcl \u00f6sszef\u00fcgg\u0151 beszerz\u00e9sek adatai, \u00e9s a min\u0151s\u00edtett adatok kiv\u00e9tel\u00e9vel.<\/strong><\/td><\/tr><tr><td><\/td><td><a href=\"https:\/\/www.kvzrt.hu\/wp-content\/uploads\/2015\/12\/szerzodesek2013.pdf\">Szerz\u0151d\u00e9sek 2013><\/a><br><a href=\"https:\/\/www.kvzrt.hu\/wp-content\/uploads\/2015\/12\/szerzodesek2014.pdf\">Szerz\u0151d\u00e9sek 2014><\/a><br><a href=\"https:\/\/www.kvzrt.hu\/wp-content\/uploads\/2016\/02\/szerzodesek2015.pdf\">Szerz\u0151d\u00e9sek 2015><\/a><br><a href=\"https:\/\/www.kvzrt.hu\/wp-content\/uploads\/2017\/01\/szerzodesek2016.pdf\">Szerz\u0151d\u00e9sek 2016><\/a> <br><a href=\"https:\/\/www.kvzrt.hu\/wp-content\/uploads\/2015\/11\/szerzodesek2017-1.pdf\">Szerz\u0151d\u00e9sek 2017><\/a><br><a href=\"https:\/\/www.kvzrt.hu\/wp-content\/uploads\/2019\/02\/szerzodesek2018.pdf\">Szerz\u0151d\u00e9sek 2018><\/a><br><a href=\"https:\/\/www.kvzrt.hu\/wp-content\/uploads\/2020\/01\/szerzodesek2019.pdf\">Szerz\u0151d\u00e9sek 2019><\/a><br><a href=\"https:\/\/www.kvzrt.hu\/wp-content\/uploads\/2021\/01\/2020-szerzodesek.pdf\" target=\"_blank\" rel=\"noreferrer noopener\">Szerz\u0151d\u00e9sek 2020><\/a><br><a href=\"https:\/\/www.kvzrt.hu\/wp-content\/uploads\/2022\/01\/szerzodesek-2021.pdf\">Szerz\u0151d\u00e9sek 2021><\/a><br><a href=\"https:\/\/www.kvzrt.hu\/wp-content\/uploads\/2023\/01\/szerzodesek-2022.pdf\" target=\"_blank\" rel=\"noreferrer noopener\">Szerz\u0151d\u00e9sek 2022><\/a><br><a href=\"https:\/\/www.kvzrt.hu\/wp-content\/uploads\/2024\/02\/SZERZODESEK2023.pdf\" target=\"_blank\" rel=\"noreferrer noopener\">Szerz\u0151d\u00e9sek 2023><\/a> <br><br>Szerz\u0151d\u00e9sek 2024<br><a href=\"https:\/\/www.kvzrt.hu\/wp-content\/uploads\/2024\/10\/szerzodesek2024.pdf\">2024.10.01.<br><\/a><a href=\"https:\/\/www.kvzrt.hu\/wp-content\/uploads\/2025\/03\/SZERZODESEK20241101.pdf\">2024.11.01.<br><\/a><a href=\"https:\/\/www.kvzrt.hu\/wp-content\/uploads\/2025\/03\/SZERZODESEK20241201.pdf\">2024.12.01.<br><\/a><a href=\"https:\/\/www.kvzrt.hu\/wp-content\/uploads\/2025\/03\/SZERZODESEK20241220.pdf\">2024.12.20<\/a>.<br><br>Szerz\u0151d\u00e9sek 2025<br><a href=\"https:\/\/www.kvzrt.hu\/wp-content\/uploads\/2025\/03\/SZERZODESEK20250201.pdf\">2025.02.01.<br><\/a><a href=\"https:\/\/www.kvzrt.hu\/wp-content\/uploads\/2025\/03\/SZERZODESEK20250301.pdf\">2025.03.03.<br><\/a><a href=\"https:\/\/www.kvzrt.hu\/wp-content\/uploads\/2025\/06\/SZERZODESEK20250604.pdf\">2025.06.04.<br><\/a><a href=\"https:\/\/www.kvzrt.hu\/wp-content\/uploads\/2025\/06\/szerzodesek-20250623.pdf\">2025.06.23.<\/a><br><a href=\"https:\/\/www.kvzrt.hu\/wp-content\/uploads\/2025\/09\/20250901_szerzodesek.pdf\">2025.09.01.<br><\/a><a href=\"https:\/\/www.kvzrt.hu\/wp-content\/uploads\/2026\/01\/SZERZODESEK2025.pdf\" data-type=\"link\" data-id=\"https:\/\/www.kvzrt.hu\/wp-content\/uploads\/2026\/01\/SZERZODESEK2025.pdf\">2025.01.01-2025.12.31. (felt\u00f6ltve: 2026.01.14.)<br><\/a><br>Szerz\u0151d\u00e9sek 2026<br><a href=\"https:\/\/www.kvzrt.hu\/wp-content\/uploads\/2026\/02\/szerzodesek20260202.pdf\">2026.02.02. (felt\u00f6ltve: 2026.02.02.)<br><\/a><a href=\"https:\/\/www.kvzrt.hu\/wp-content\/uploads\/2026\/03\/szerzodesek20260303.pdf\">2026.03.03. (felt\u00f6ltve: 2026.03.03.)<br><\/a><a href=\"https:\/\/www.kvzrt.hu\/wp-content\/uploads\/2026\/04\/SZERZODESEK2026.pdf\">2026.04.01. (felt\u00f6ltve: 2026.04.01.)<br><\/a><br><a href=\"https:\/\/www.kvzrt.hu\/wp-content\/uploads\/2021\/12\/8218_Kozszolgaltatasikeretszerzodes.pdf\">Hat\u00e1lyos k\u00f6zszolg\u00e1ltat\u00e1si keretszerz\u0151d\u00e9s><\/a><\/td><\/tr><\/tbody><\/table><\/figure>\n\n\n\n<p><em><strong>18\/2005. (XII. 27.) IHM rendelet 4. \u00a7 alapj\u00e1n:<\/strong><\/em><br><em>a) a legut\u00f3bbi m\u00f3dos\u00edt\u00e1s ideje: 2026.04.01.<\/em><br><em>b) ha a k\u00f6zz\u00e9t\u00e9teli egys\u00e9g kor\u00e1bbi \u00e1llapota arch\u00edv \u00e1llom\u00e1nyba ker\u00fclt, az annak el\u00e9r\u00e9s\u00e9t biztos\u00edt\u00f3 hivatkoz\u00e1s: az archiv\u00e1lt \u00e1llom\u00e1ny el\u00e9rhet\u0151 az aktu\u00e1lis inform\u00e1ci\u00f3 mellett.<\/em><br><em>c) arch\u00edv \u00e1llom\u00e1nyba helyezett k\u00f6zz\u00e9t\u00e9teli egys\u00e9g eset\u00e9n a k\u00fcl\u00f6n jogszab\u00e1lyban foglaltak: az archiv\u00e1lt \u00e1llom\u00e1ny el\u00e9rhet\u0151 az aktu\u00e1lis inform\u00e1ci\u00f3 mellett.<\/em><\/p>\n","protected":false},"excerpt":{"rendered":"<p>II.4. Az \u00e1llamh\u00e1ztart\u00e1s p\u00e9nzeszk\u00f6zei felhaszn\u00e1l\u00e1s\u00e1val, az \u00e1llamh\u00e1ztart\u00e1shoz tartoz\u00f3 vagyonnal t\u00f6rt\u00e9n\u0151 gazd\u00e1lkod\u00e1ssal \u00f6sszef\u00fcgg\u0151, \u00f6tmilli\u00f3 forintot el\u00e9r\u0151 vagy azt meghalad\u00f3 \u00e9rt\u00e9k\u0171 \u00e1rubeszerz\u00e9sre, \u00e9p\u00edt\u00e9si beruh\u00e1z\u00e1sra, szolg\u00e1ltat\u00e1s megrendel\u00e9sre, vagyon\u00e9rt\u00e9kes\u00edt\u00e9sre, vagyonhasznos\u00edt\u00e1sra, vagyon vagy vagyoni \u00e9rt\u00e9k\u0171 jog \u00e1tad\u00e1s\u00e1ra, valamint koncesszi\u00f3ba ad\u00e1sra vonatkoz\u00f3 szerz\u0151d\u00e9sek megnevez\u00e9se (t\u00edpusa), t\u00e1rgya, a szerz\u0151d\u00e9st k\u00f6t\u0151 felek neve, a szerz\u0151d\u00e9s \u00e9rt\u00e9ke, hat\u00e1rozott id\u0151re k\u00f6t\u00f6tt szerz\u0151d\u00e9s eset\u00e9ben annak id\u0151tartama, [&hellip;]<\/p>\n","protected":false},"author":3,"featured_media":0,"parent":1220,"menu_order":0,"comment_status":"closed","ping_status":"closed","template":"","meta":{"_monsterinsights_skip_tracking":false,"_monsterinsights_sitenote_active":false,"_monsterinsights_sitenote_note":"","_monsterinsights_sitenote_category":0,"footnotes":""},"class_list":["post-2878","page","type-page","status-publish","hentry"],"_links":{"self":[{"href":"https:\/\/www.kvzrt.hu\/index.php?rest_route=\/wp\/v2\/pages\/2878","targetHints":{"allow":["GET"]}}],"collection":[{"href":"https:\/\/www.kvzrt.hu\/index.php?rest_route=\/wp\/v2\/pages"}],"about":[{"href":"https:\/\/www.kvzrt.hu\/index.php?rest_route=\/wp\/v2\/types\/page"}],"author":[{"embeddable":true,"href":"https:\/\/www.kvzrt.hu\/index.php?rest_route=\/wp\/v2\/users\/3"}],"replies":[{"embeddable":true,"href":"https:\/\/www.kvzrt.hu\/index.php?rest_route=%2Fwp%2Fv2%2Fcomments&post=2878"}],"version-history":[{"count":13,"href":"https:\/\/www.kvzrt.hu\/index.php?rest_route=\/wp\/v2\/pages\/2878\/revisions"}],"predecessor-version":[{"id":3132,"href":"https:\/\/www.kvzrt.hu\/index.php?rest_route=\/wp\/v2\/pages\/2878\/revisions\/3132"}],"up":[{"embeddable":true,"href":"https:\/\/www.kvzrt.hu\/index.php?rest_route=\/wp\/v2\/pages\/1220"}],"wp:attachment":[{"href":"https:\/\/www.kvzrt.hu\/index.php?rest_route=%2Fwp%2Fv2%2Fmedia&parent=2878"}],"curies":[{"name":"wp","href":"https:\/\/api.w.org\/{rel}","templated":true}]}}