{"id":2872,"date":"2024-08-29T09:23:14","date_gmt":"2024-08-29T08:23:14","guid":{"rendered":"https:\/\/www.kvzrt.hu\/?page_id=2872"},"modified":"2024-08-29T09:23:15","modified_gmt":"2024-08-29T08:23:15","slug":"iii-01","status":"publish","type":"page","link":"https:\/\/www.kvzrt.hu\/?page_id=2872","title":{"rendered":"III.01."},"content":{"rendered":"\n<figure class=\"wp-block-table\"><table><tbody><tr><td><strong>III.1.<\/strong><\/td><td><strong>A k\u00f6zfeladatot ell\u00e1t\u00f3 szerv \u00e9ves k\u00f6lts\u00e9gvet\u00e9se, sz\u00e1mviteli t\u00f6rv\u00e9ny szerinti besz\u00e1mol\u00f3ja vagy \u00e9ves k\u00f6lts\u00e9gvet\u00e9si besz\u00e1mol\u00f3ja<\/strong><\/td><\/tr><tr><td><\/td><td><strong>2017<\/strong><br><a href=\"https:\/\/www.kvzrt.hu\/wp-content\/uploads\/2021\/05\/Besz\u00e1mol\u00f3_2017.pdf\" target=\"_blank\" rel=\"noreferrer noopener\">Besz\u00e1mol\u00f3<\/a><br><a href=\"https:\/\/www.kvzrt.hu\/wp-content\/uploads\/2021\/05\/Kieg\u00e9sz\u00edt\u0151mell\u00e9klet2017.pdf\" target=\"_blank\" rel=\"noreferrer noopener\">Kieg\u00e9sz\u00edt\u0151 mell\u00e9klet<\/a><br><strong>2018<\/strong><br><a href=\"https:\/\/www.kvzrt.hu\/wp-content\/uploads\/2021\/05\/Besz\u00e1mol\u00f3_2018.pdf\" target=\"_blank\" rel=\"noreferrer noopener\">Besz\u00e1mol\u00f3<\/a><br><a href=\"https:\/\/www.kvzrt.hu\/wp-content\/uploads\/2021\/05\/Kieg\u00e9sz\u00edt\u0151mell\u00e9klet2018.pdf\" target=\"_blank\" rel=\"noreferrer noopener\">Kieg\u00e9sz\u00edt\u0151 mell\u00e9klet<\/a><br><strong>2019<\/strong><br><a href=\"https:\/\/www.kvzrt.hu\/wp-content\/uploads\/2021\/05\/Besz\u00e1mol\u00f3_2019.pdf\" target=\"_blank\" rel=\"noreferrer noopener\">Besz\u00e1mol\u00f3<\/a><br><a href=\"https:\/\/www.kvzrt.hu\/wp-content\/uploads\/2021\/05\/Kieg\u00e9sz\u00edt\u0151mell\u00e9klet2019.pdf\" target=\"_blank\" rel=\"noreferrer noopener\">Kieg\u00e9sz\u00edt\u0151 mell\u00e9klet<\/a><br><strong>2020<\/strong><br><a href=\"https:\/\/www.kvzrt.hu\/wp-content\/uploads\/2021\/05\/Besz\u00e1mol\u00f3_2020.pdf\" target=\"_blank\" rel=\"noreferrer noopener\">Besz\u00e1mol\u00f3<\/a><br><a href=\"https:\/\/www.kvzrt.hu\/wp-content\/uploads\/2021\/05\/Kieg\u00e9sz\u00edt\u0151mell\u00e9klet2020.pdf\" target=\"_blank\" rel=\"noreferrer noopener\">Kieg\u00e9sz\u00edt\u0151 mell\u00e9klet<\/a><br><strong>2021<\/strong><br><a href=\"https:\/\/www.kvzrt.hu\/wp-content\/uploads\/2023\/10\/2021UT.pdf\" target=\"_blank\" rel=\"noreferrer noopener\">\u00dczleti Terv<\/a><br><a href=\"https:\/\/www.kvzrt.hu\/wp-content\/uploads\/2023\/10\/CEGINFO_EB20210101-20211231_Kobanyai_V.pdf\" target=\"_blank\" rel=\"noreferrer noopener\">Besz\u00e1mol\u00f3<\/a><br><a href=\"https:\/\/www.kvzrt.hu\/wp-content\/uploads\/2023\/10\/KVZrt_Kiegeszito_Melleklet_2021.pdf\" target=\"_blank\" rel=\"noreferrer noopener\">Kieg\u00e9sz\u00edt\u0151 mell\u00e9klet<\/a> <br><strong>2022<\/strong> <br><a href=\"https:\/\/www.kvzrt.hu\/wp-content\/uploads\/2023\/10\/2022UT.pdf\" target=\"_blank\" rel=\"noreferrer noopener\">\u00dczleti Terv<\/a> <br><a href=\"https:\/\/www.kvzrt.hu\/wp-content\/uploads\/2023\/10\/CEGINFO_EB20220101-20221231_Kobanyai_V.pdf\" target=\"_blank\" rel=\"noreferrer noopener\">Besz\u00e1mol\u00f3<\/a> <br><a href=\"https:\/\/www.kvzrt.hu\/wp-content\/uploads\/2023\/10\/Kobanyai_Vagyonkezelo_Kiegeszito_Melleklet_2022_ev.pdf\" target=\"_blank\" rel=\"noreferrer noopener\">Kieg\u00e9sz\u00edt\u0151 mell\u00e9klet<\/a> <br><strong>2023<\/strong> <br><a href=\"https:\/\/www.kvzrt.hu\/wp-content\/uploads\/2023\/10\/2023UT.pdf\" target=\"_blank\" rel=\"noreferrer noopener\">\u00dczleti Terv<\/a><\/td><\/tr><\/tbody><\/table><\/figure>\n","protected":false},"excerpt":{"rendered":"<p>III.1. A k\u00f6zfeladatot ell\u00e1t\u00f3 szerv \u00e9ves k\u00f6lts\u00e9gvet\u00e9se, sz\u00e1mviteli t\u00f6rv\u00e9ny szerinti besz\u00e1mol\u00f3ja vagy \u00e9ves k\u00f6lts\u00e9gvet\u00e9si besz\u00e1mol\u00f3ja 2017Besz\u00e1mol\u00f3Kieg\u00e9sz\u00edt\u0151 mell\u00e9klet2018Besz\u00e1mol\u00f3Kieg\u00e9sz\u00edt\u0151 mell\u00e9klet2019Besz\u00e1mol\u00f3Kieg\u00e9sz\u00edt\u0151 mell\u00e9klet2020Besz\u00e1mol\u00f3Kieg\u00e9sz\u00edt\u0151 mell\u00e9klet2021\u00dczleti TervBesz\u00e1mol\u00f3Kieg\u00e9sz\u00edt\u0151 mell\u00e9klet 2022 \u00dczleti Terv Besz\u00e1mol\u00f3 Kieg\u00e9sz\u00edt\u0151 mell\u00e9klet 2023 \u00dczleti Terv<\/p>\n","protected":false},"author":3,"featured_media":0,"parent":1220,"menu_order":0,"comment_status":"closed","ping_status":"closed","template":"","meta":{"_monsterinsights_skip_tracking":false,"_monsterinsights_sitenote_active":false,"_monsterinsights_sitenote_note":"","_monsterinsights_sitenote_category":0,"footnotes":""},"class_list":["post-2872","page","type-page","status-publish","hentry"],"_links":{"self":[{"href":"https:\/\/www.kvzrt.hu\/index.php?rest_route=\/wp\/v2\/pages\/2872","targetHints":{"allow":["GET"]}}],"collection":[{"href":"https:\/\/www.kvzrt.hu\/index.php?rest_route=\/wp\/v2\/pages"}],"about":[{"href":"https:\/\/www.kvzrt.hu\/index.php?rest_route=\/wp\/v2\/types\/page"}],"author":[{"embeddable":true,"href":"https:\/\/www.kvzrt.hu\/index.php?rest_route=\/wp\/v2\/users\/3"}],"replies":[{"embeddable":true,"href":"https:\/\/www.kvzrt.hu\/index.php?rest_route=%2Fwp%2Fv2%2Fcomments&post=2872"}],"version-history":[{"count":1,"href":"https:\/\/www.kvzrt.hu\/index.php?rest_route=\/wp\/v2\/pages\/2872\/revisions"}],"predecessor-version":[{"id":2873,"href":"https:\/\/www.kvzrt.hu\/index.php?rest_route=\/wp\/v2\/pages\/2872\/revisions\/2873"}],"up":[{"embeddable":true,"href":"https:\/\/www.kvzrt.hu\/index.php?rest_route=\/wp\/v2\/pages\/1220"}],"wp:attachment":[{"href":"https:\/\/www.kvzrt.hu\/index.php?rest_route=%2Fwp%2Fv2%2Fmedia&parent=2872"}],"curies":[{"name":"wp","href":"https:\/\/api.w.org\/{rel}","templated":true}]}}