{"id":2856,"date":"2024-08-29T09:16:22","date_gmt":"2024-08-29T08:16:22","guid":{"rendered":"https:\/\/www.kvzrt.hu\/?page_id=2856"},"modified":"2024-08-29T09:16:31","modified_gmt":"2024-08-29T08:16:31","slug":"ii-13","status":"publish","type":"page","link":"https:\/\/www.kvzrt.hu\/?page_id=2856","title":{"rendered":"II.13."},"content":{"rendered":"\n<figure class=\"wp-block-table\"><table><tbody><tr><td><strong>II.13.<\/strong><\/td><td><strong>A k\u00f6z\u00e9rdek\u0171 adatok megismer\u00e9s\u00e9re ir\u00e1nyul\u00f3 ig\u00e9nyek int\u00e9z\u00e9s\u00e9nek rendje, az illet\u00e9kes szervezeti egys\u00e9g neve, el\u00e9rhet\u0151s\u00e9ge, s ahol kijel\u00f6l\u00e9sre ker\u00fcl, az adatv\u00e9delmi felel\u0151s, vagy az inform\u00e1ci\u00f3s jogokkal foglalkoz\u00f3 szem\u00e9ly neve<\/strong><\/td><\/tr><tr><td><\/td><td>Adatv\u00e9delmi felel\u0151s: L\u00e9gr\u00e1di P\u00e9ter, szervez\u00e9si \u00e9s \u00fczemeltet\u00e9si igazgat\u00f3<br>Tel: 06-1-666-2700 \u2013 Fax: 06-1-666-2714 \u2013 E-mail: <a href=\"mailto:kvzrt@kvzrt.hu\">kvzrt@kvzrt.hu<\/a><br><br><a href=\"https:\/\/www.kvzrt.hu\/wp-content\/uploads\/2023\/07\/Kozerdeku_adatok_kozzetetele_es_igenylese-20191104.pdf\" target=\"_blank\" rel=\"noreferrer noopener\">Vonatkoz\u00f3 Szab\u00e1lyzat ><\/a><\/td><\/tr><\/tbody><\/table><\/figure>\n","protected":false},"excerpt":{"rendered":"<p>II.13. A k\u00f6z\u00e9rdek\u0171 adatok megismer\u00e9s\u00e9re ir\u00e1nyul\u00f3 ig\u00e9nyek int\u00e9z\u00e9s\u00e9nek rendje, az illet\u00e9kes szervezeti egys\u00e9g neve, el\u00e9rhet\u0151s\u00e9ge, s ahol kijel\u00f6l\u00e9sre ker\u00fcl, az adatv\u00e9delmi felel\u0151s, vagy az inform\u00e1ci\u00f3s jogokkal foglalkoz\u00f3 szem\u00e9ly neve Adatv\u00e9delmi felel\u0151s: L\u00e9gr\u00e1di P\u00e9ter, szervez\u00e9si \u00e9s \u00fczemeltet\u00e9si igazgat\u00f3Tel: 06-1-666-2700 \u2013 Fax: 06-1-666-2714 \u2013 E-mail: kvzrt@kvzrt.hu Vonatkoz\u00f3 Szab\u00e1lyzat ><\/p>\n","protected":false},"author":3,"featured_media":0,"parent":1220,"menu_order":0,"comment_status":"closed","ping_status":"closed","template":"","meta":{"_monsterinsights_skip_tracking":false,"_monsterinsights_sitenote_active":false,"_monsterinsights_sitenote_note":"","_monsterinsights_sitenote_category":0,"footnotes":""},"class_list":["post-2856","page","type-page","status-publish","hentry"],"_links":{"self":[{"href":"https:\/\/www.kvzrt.hu\/index.php?rest_route=\/wp\/v2\/pages\/2856","targetHints":{"allow":["GET"]}}],"collection":[{"href":"https:\/\/www.kvzrt.hu\/index.php?rest_route=\/wp\/v2\/pages"}],"about":[{"href":"https:\/\/www.kvzrt.hu\/index.php?rest_route=\/wp\/v2\/types\/page"}],"author":[{"embeddable":true,"href":"https:\/\/www.kvzrt.hu\/index.php?rest_route=\/wp\/v2\/users\/3"}],"replies":[{"embeddable":true,"href":"https:\/\/www.kvzrt.hu\/index.php?rest_route=%2Fwp%2Fv2%2Fcomments&post=2856"}],"version-history":[{"count":2,"href":"https:\/\/www.kvzrt.hu\/index.php?rest_route=\/wp\/v2\/pages\/2856\/revisions"}],"predecessor-version":[{"id":2858,"href":"https:\/\/www.kvzrt.hu\/index.php?rest_route=\/wp\/v2\/pages\/2856\/revisions\/2858"}],"up":[{"embeddable":true,"href":"https:\/\/www.kvzrt.hu\/index.php?rest_route=\/wp\/v2\/pages\/1220"}],"wp:attachment":[{"href":"https:\/\/www.kvzrt.hu\/index.php?rest_route=%2Fwp%2Fv2%2Fmedia&parent=2856"}],"curies":[{"name":"wp","href":"https:\/\/api.w.org\/{rel}","templated":true}]}}