{"id":2752,"date":"2024-05-14T10:42:54","date_gmt":"2024-05-14T09:42:54","guid":{"rendered":"https:\/\/www.kvzrt.hu\/?page_id=2752"},"modified":"2024-05-14T14:01:02","modified_gmt":"2024-05-14T13:01:02","slug":"eszamla-regisztracio","status":"publish","type":"page","link":"https:\/\/www.kvzrt.hu\/?page_id=2752","title":{"rendered":"Esz\u00e1mla regisztr\u00e1ci\u00f3"},"content":{"rendered":"<div class=\"wpforms-container wpforms-container-full wpforms-block wpforms-block-5840f92d-9d8a-4a7b-ab55-ebc1e1d92353 wpforms-render-modern\" id=\"wpforms-2734\"><form id=\"wpforms-form-2734\" class=\"wpforms-validate wpforms-form wpforms-ajax-form\" data-formid=\"2734\" method=\"post\" enctype=\"multipart\/form-data\" action=\"\/index.php?rest_route=%2Fwp%2Fv2%2Fpages%2F2752\" data-token=\"984abca03271e440f5188d6c11a4f5a9\" data-token-time=\"1778331895\"><noscript class=\"wpforms-error-noscript\">Please enable JavaScript in your browser to complete this form.<\/noscript><div id=\"wpforms-error-noscript\" style=\"display: none;\">Please enable JavaScript in your browser to complete this form.<\/div><div class=\"wpforms-field-container\"><div id=\"wpforms-2734-field_0-container\" class=\"wpforms-field wpforms-field-name\" data-field-id=\"0\"><label class=\"wpforms-field-label\" for=\"wpforms-2734-field_0\">N\u00e9v <span class=\"wpforms-required-label\" aria-hidden=\"true\">*<\/span><\/label><input type=\"text\" id=\"wpforms-2734-field_0\" class=\"wpforms-field-medium wpforms-field-required\" name=\"wpforms[fields][0]\" aria-errormessage=\"wpforms-2734-field_0-error\" aria-describedby=\"wpforms-2734-field_0-description\" required><div id=\"wpforms-2734-field_0-description\" class=\"wpforms-field-description\">B\u00e9rl\u0151 neve<\/div><\/div><div id=\"wpforms-2734-field_4-container\" class=\"wpforms-field wpforms-field-text\" data-field-id=\"4\"><label class=\"wpforms-field-label\" for=\"wpforms-2734-field_4\">Szerz\u0151d\u00e9ssz\u00e1m(ok) <span class=\"wpforms-required-label\" aria-hidden=\"true\">*<\/span><\/label><input type=\"text\" id=\"wpforms-2734-field_4\" class=\"wpforms-field-medium wpforms-field-required\" name=\"wpforms[fields][4]\" aria-errormessage=\"wpforms-2734-field_4-error\" aria-describedby=\"wpforms-2734-field_4-description\" required><div id=\"wpforms-2734-field_4-description\" class=\"wpforms-field-description\">Ha t\u00f6bb szerz\u0151d\u00e9s \u00e9rintett, vessz\u0151vel elv\u00e1lasztva \u00edrja egym\u00e1s ut\u00e1n.<\/div><\/div><div id=\"wpforms-2734-field_5-container\" class=\"wpforms-field wpforms-field-text\" data-field-id=\"5\"><label class=\"wpforms-field-label\" for=\"wpforms-2734-field_5\">B\u00e9rlem\u00e9ny(ek) c\u00edme <span class=\"wpforms-required-label\" aria-hidden=\"true\">*<\/span><\/label><input type=\"text\" id=\"wpforms-2734-field_5\" class=\"wpforms-field-medium wpforms-field-required\" name=\"wpforms[fields][5]\" aria-errormessage=\"wpforms-2734-field_5-error\" required><\/div><div id=\"wpforms-2734-field_10-container\" class=\"wpforms-field wpforms-field-select wpforms-field-select-style-classic\" data-field-id=\"10\"><label class=\"wpforms-field-label\" for=\"wpforms-2734-field_10\">Fizet\u00e9s tipusa <span class=\"wpforms-required-label\" aria-hidden=\"true\">*<\/span><\/label><select id=\"wpforms-2734-field_10\" class=\"wpforms-field-medium wpforms-field-required\" name=\"wpforms[fields][10]\" required=\"required\"><option value=\"\u00c1tutal\u00e1s\" >\u00c1tutal\u00e1s<\/option><option value=\"Csoportos beszed\u00e9s\" >Csoportos beszed\u00e9s<\/option><\/select><\/div><div id=\"wpforms-2734-field_1-container\" class=\"wpforms-field wpforms-field-email\" data-field-id=\"1\"><fieldset><legend class=\"wpforms-field-label\">E-mail <span class=\"wpforms-required-label\" aria-hidden=\"true\">*<\/span><\/legend><div class=\"wpforms-field-row wpforms-field-medium\"><div class=\"wpforms-field-row-block wpforms-one-half wpforms-first\"><input type=\"email\" id=\"wpforms-2734-field_1\" class=\"wpforms-field-required wpforms-field-email-primary\" name=\"wpforms[fields][1][primary]\" placeholder=\"e-mail\" spellcheck=\"false\" aria-errormessage=\"wpforms-2734-field_1-error\" aria-describedby=\"wpforms-2734-field_1-description\" required><label for=\"wpforms-2734-field_1\" class=\"wpforms-field-sublabel after wpforms-sublabel-hide\">Email<\/label><\/div><div class=\"wpforms-field-row-block wpforms-one-half\"><input type=\"email\" id=\"wpforms-2734-field_1-secondary\" class=\"wpforms-field-email-secondary wpforms-field-required\" data-rule-confirm=\"#wpforms-2734-field_1\" name=\"wpforms[fields][1][secondary]\" placeholder=\"e-mail meger\u0151s\u00edt\u00e9se\" spellcheck=\"false\" aria-errormessage=\"wpforms-2734-field_1-secondary-error\" aria-describedby=\"wpforms-2734-field_1-description\" required><label for=\"wpforms-2734-field_1-secondary\" class=\"wpforms-field-sublabel after wpforms-sublabel-hide\">Confirm Email<\/label><\/div><\/div><div id=\"wpforms-2734-field_1-description\" class=\"wpforms-field-description\">E-sz\u00e1mlak\u00fcld\u00e9sben \u00e9rintett e-mail c\u00edm<\/div><\/fieldset><\/div><div id=\"wpforms-2734-field_8-container\" class=\"wpforms-field wpforms-field-number\" data-field-id=\"8\"><label class=\"wpforms-field-label\" for=\"wpforms-2734-field_8\">Telefonsz\u00e1m<\/label><input type=\"number\" id=\"wpforms-2734-field_8\" class=\"wpforms-field-medium\" name=\"wpforms[fields][8]\" step=\"any\" aria-errormessage=\"wpforms-2734-field_8-error\" aria-describedby=\"wpforms-2734-field_8-description\" ><div id=\"wpforms-2734-field_8-description\" class=\"wpforms-field-description\">06203334444<\/div><\/div><div id=\"wpforms-2734-field_2-container\" class=\"wpforms-field wpforms-field-textarea\" data-field-id=\"2\"><label class=\"wpforms-field-label\" for=\"wpforms-2734-field_2\">\u00dczenet<\/label><textarea id=\"wpforms-2734-field_2\" class=\"wpforms-field-medium\" name=\"wpforms[fields][2]\" aria-errormessage=\"wpforms-2734-field_2-error\" ><\/textarea><\/div><div id=\"wpforms-2734-field_11-container\" class=\"wpforms-field wpforms-field-email\" data-field-id=\"11\"><label class=\"wpforms-field-label\" for=\"wpforms-2734-field_11\">Email <span class=\"wpforms-required-label\" aria-hidden=\"true\">*<\/span><\/label><input type=\"email\" id=\"wpforms-2734-field_11\" class=\"wpforms-field-medium wpforms-field-required\" name=\"wpforms[fields][11]\" spellcheck=\"false\" aria-errormessage=\"wpforms-2734-field_11-error\" required><\/div><\/div><!-- .wpforms-field-container --><div class=\"wpforms-submit-container\" ><input type=\"hidden\" name=\"wpforms[id]\" value=\"2734\"><input type=\"hidden\" name=\"page_title\" value=\"\"><input type=\"hidden\" name=\"page_url\" value=\"https:\/\/www.kvzrt.hu\/index.php?rest_route=\/wp\/v2\/pages\/2752\"><input type=\"hidden\" name=\"url_referer\" value=\"\"><button type=\"submit\" name=\"wpforms[submit]\" id=\"wpforms-submit-2734\" class=\"wpforms-submit\" data-alt-text=\"Sending...\" data-submit-text=\"Mehet\" aria-live=\"assertive\" value=\"wpforms-submit\">Mehet<\/button><img loading=\"lazy\" decoding=\"async\" src=\"https:\/\/www.kvzrt.hu\/wp-content\/plugins\/wpforms-lite\/assets\/images\/submit-spin.svg\" class=\"wpforms-submit-spinner\" style=\"display: none;\" width=\"26\" height=\"26\" alt=\"Loading\"><\/div><\/form><\/div>  <!-- .wpforms-container -->","protected":false},"excerpt":{"rendered":"","protected":false},"author":1,"featured_media":0,"parent":0,"menu_order":0,"comment_status":"closed","ping_status":"closed","template":"","meta":{"_monsterinsights_skip_tracking":false,"_monsterinsights_sitenote_active":false,"_monsterinsights_sitenote_note":"","_monsterinsights_sitenote_category":0,"footnotes":""},"class_list":["post-2752","page","type-page","status-publish","hentry"],"_links":{"self":[{"href":"https:\/\/www.kvzrt.hu\/index.php?rest_route=\/wp\/v2\/pages\/2752","targetHints":{"allow":["GET"]}}],"collection":[{"href":"https:\/\/www.kvzrt.hu\/index.php?rest_route=\/wp\/v2\/pages"}],"about":[{"href":"https:\/\/www.kvzrt.hu\/index.php?rest_route=\/wp\/v2\/types\/page"}],"author":[{"embeddable":true,"href":"https:\/\/www.kvzrt.hu\/index.php?rest_route=\/wp\/v2\/users\/1"}],"replies":[{"embeddable":true,"href":"https:\/\/www.kvzrt.hu\/index.php?rest_route=%2Fwp%2Fv2%2Fcomments&post=2752"}],"version-history":[{"count":1,"href":"https:\/\/www.kvzrt.hu\/index.php?rest_route=\/wp\/v2\/pages\/2752\/revisions"}],"predecessor-version":[{"id":2753,"href":"https:\/\/www.kvzrt.hu\/index.php?rest_route=\/wp\/v2\/pages\/2752\/revisions\/2753"}],"wp:attachment":[{"href":"https:\/\/www.kvzrt.hu\/index.php?rest_route=%2Fwp%2Fv2%2Fmedia&parent=2752"}],"curies":[{"name":"wp","href":"https:\/\/api.w.org\/{rel}","templated":true}]}}