{"id":1833,"date":"2019-06-03T15:39:19","date_gmt":"2019-06-03T14:39:19","guid":{"rendered":"http:\/\/www.kvzrt.hu\/?page_id=1833"},"modified":"2019-06-03T15:43:14","modified_gmt":"2019-06-03T14:43:14","slug":"salgotarjani-ut-47-intezmenyek","status":"publish","type":"page","link":"https:\/\/www.kvzrt.hu\/?page_id=1833","title":{"rendered":"Salg\u00f3tarj\u00e1ni \u00fat 47. Int\u00e9zm\u00e9nyek"},"content":{"rendered":"<p><a href=\"http:\/\/www.kvzrt.hu\/wp-content\/uploads\/2019\/06\/KBVK_Salg\u00f3tarj\u00e1ni-\u00fat-47_AF_ver2.0_EKR.pdf\">KBVK_Salg\u00f3tarj\u00e1ni \u00fat 47_AF_ver2.0_EKR<\/a><\/p>\n<p><a href=\"http:\/\/www.kvzrt.hu\/wp-content\/uploads\/2019\/06\/KBVK_Salg\u00f3tarj\u00e1ni-\u00fat-47_KD_ver2.0.pdf\">KBVK_Salg\u00f3tarj\u00e1ni \u00fat 47_KD_ver2.0<\/a><\/p>\n<p><a href=\"http:\/\/www.kvzrt.hu\/wp-content\/uploads\/2019\/06\/KBVK_Salg\u00f3tarj\u00e1ni-\u00fat-47_Szerz\u0151d\u00e9stervezet_ver1.0.pdf\">KBVK_Salg\u00f3tarj\u00e1ni \u00fat 47_Szerz\u0151d\u00e9stervezet_ver1.0<\/a><\/p>\n<p><a href=\"http:\/\/www.kvzrt.hu\/wp-content\/uploads\/2019\/06\/KBVK_Salg\u00f3tarj\u00e1ni-\u00fat-47_F\u0151\u00f6sszes\u00edt\u0151_ver1.0.pdf\">KBVK_Salg\u00f3tarj\u00e1ni \u00fat 47_F\u0151\u00f6sszes\u00edt\u0151_ver1.0<\/a><\/p>\n<p><a href=\"http:\/\/www.kvzrt.hu\/wp-content\/uploads\/2019\/06\/EKR000564102019_bontasi_jegyzokonyv_201905171122.pdf\">EKR000564102019_bontasi_jegyzokonyv_201905171122<\/a><\/p>\n","protected":false},"excerpt":{"rendered":"<p>KBVK_Salg\u00f3tarj\u00e1ni \u00fat 47_AF_ver2.0_EKR KBVK_Salg\u00f3tarj\u00e1ni \u00fat 47_KD_ver2.0 KBVK_Salg\u00f3tarj\u00e1ni \u00fat 47_Szerz\u0151d\u00e9stervezet_ver1.0 KBVK_Salg\u00f3tarj\u00e1ni \u00fat 47_F\u0151\u00f6sszes\u00edt\u0151_ver1.0 EKR000564102019_bontasi_jegyzokonyv_201905171122<\/p>\n","protected":false},"author":2,"featured_media":0,"parent":1744,"menu_order":0,"comment_status":"closed","ping_status":"closed","template":"","meta":{"_monsterinsights_skip_tracking":false,"_monsterinsights_sitenote_active":false,"_monsterinsights_sitenote_note":"","_monsterinsights_sitenote_category":0,"footnotes":""},"class_list":["post-1833","page","type-page","status-publish","hentry"],"_links":{"self":[{"href":"https:\/\/www.kvzrt.hu\/index.php?rest_route=\/wp\/v2\/pages\/1833","targetHints":{"allow":["GET"]}}],"collection":[{"href":"https:\/\/www.kvzrt.hu\/index.php?rest_route=\/wp\/v2\/pages"}],"about":[{"href":"https:\/\/www.kvzrt.hu\/index.php?rest_route=\/wp\/v2\/types\/page"}],"author":[{"embeddable":true,"href":"https:\/\/www.kvzrt.hu\/index.php?rest_route=\/wp\/v2\/users\/2"}],"replies":[{"embeddable":true,"href":"https:\/\/www.kvzrt.hu\/index.php?rest_route=%2Fwp%2Fv2%2Fcomments&post=1833"}],"version-history":[{"count":3,"href":"https:\/\/www.kvzrt.hu\/index.php?rest_route=\/wp\/v2\/pages\/1833\/revisions"}],"predecessor-version":[{"id":1841,"href":"https:\/\/www.kvzrt.hu\/index.php?rest_route=\/wp\/v2\/pages\/1833\/revisions\/1841"}],"up":[{"embeddable":true,"href":"https:\/\/www.kvzrt.hu\/index.php?rest_route=\/wp\/v2\/pages\/1744"}],"wp:attachment":[{"href":"https:\/\/www.kvzrt.hu\/index.php?rest_route=%2Fwp%2Fv2%2Fmedia&parent=1833"}],"curies":[{"name":"wp","href":"https:\/\/api.w.org\/{rel}","templated":true}]}}