{"id":18,"date":"2015-11-17T14:56:11","date_gmt":"2015-11-17T13:56:11","guid":{"rendered":"http:\/\/wordpress.kvzrt.dmz\/wordpress\/?page_id=18"},"modified":"2026-04-01T05:52:50","modified_gmt":"2026-04-01T04:52:50","slug":"nyilt-kozbeszerzes","status":"publish","type":"page","link":"https:\/\/www.kvzrt.hu\/?page_id=18","title":{"rendered":"K\u00f6zbeszerz\u00e9si tervek"},"content":{"rendered":"<p>K\u00f6zbeszerz\u00e9si tervek<\/p>\n<p><a href=\"https:\/\/www.kvzrt.hu\/wp-content\/uploads\/2026\/04\/KOZBESZERZESI-TERV-2026_260323.pdf\">K\u00f6zbeszerz\u00e9si Terv 2026 (felt\u00f6ltve: 2026.04.01.)<\/a><\/p>\n<p><a href=\"https:\/\/www.kvzrt.hu\/wp-content\/uploads\/2025\/01\/KOZBESZERZESI-TERV_2025_250109.pdf\">K\u00f6zbeszerz\u00e9si Terv 2025 (felt\u00f6ltve: 2025.01.28.)<\/a><\/p>\n<p><a href=\"https:\/\/www.kvzrt.hu\/wp-content\/uploads\/2024\/08\/KOZBESZERZESI-TERV-2024_2.-szamu-modositas_240730.pdf\">K\u00f6zbeszerz\u00e9si Terv 2024. &#8211; 2. sz. m\u00f3dos\u00edt\u00e1s (felt\u00f6ltve: 2024.08.01.)<\/a><\/p>\n<p><a href=\"https:\/\/www.kvzrt.hu\/wp-content\/uploads\/2024\/04\/KOZBESZERZESI-TERV-1-szamu-modositasa_240416.pdf\">K\u00f6zbeszerz\u00e9si Terv 2024. &#8211; 1. sz. m\u00f3dos\u00edt\u00e1s (felt\u00f6ltve: 2024.04.17.)<\/a><\/p>\n<p><a href=\"https:\/\/www.kvzrt.hu\/wp-content\/uploads\/2023\/06\/KOZBESZERZESI-TERV-I-MOD_2023_230612.pdf\">K\u00d6ZBESZERZ\u00c9SI TERV I M\u00d3D_2023_230612<\/a><\/p>\n<p><a href=\"https:\/\/www.kvzrt.hu\/wp-content\/uploads\/2023\/03\/KOZBESZERZESI-TERV_2023_230328.pdf\" target=\"_blank\" rel=\"noopener\">KOZBESZERZESI-TERV_2023_230328<\/a><\/p>\n<p><a href=\"https:\/\/www.kvzrt.hu\/wp-content\/uploads\/2022\/11\/KOZBESZERZESI-TERV_2022_2-MOD_20221102_alairt.pdf\" target=\"_blank\" rel=\"noopener\">KOZBESZERZESI-TERV_2022_2-MOD_20221102_alairt<\/a><\/p>\n<p><a href=\"https:\/\/www.kvzrt.hu\/wp-content\/uploads\/2022\/10\/KOZBESZERZESI-TERV_2022_1-MOD_20221004_alairt.pdf\" target=\"_blank\" rel=\"noopener\">KOZBESZERZESI-TERV_2022_1-MOD_20221004_alairt<\/a><\/p>\n<p><a href=\"https:\/\/www.kvzrt.hu\/wp-content\/uploads\/2022\/03\/KOZBESZERZESI-TERV_2022_20220309_alairt.pdf\" target=\"_blank\" rel=\"noopener\">KOZBESZERZESI-TERV_2022_20220309_alairt<\/a><\/p>\n<p><a href=\"https:\/\/www.kvzrt.hu\/wp-content\/uploads\/2021\/12\/KOZBESZERZESI-TERV_2021_MOD5_20211214_alairt.pdf\">K\u00d6ZBESZERZ\u00c9SI TERV_2021_M\u00d3D5_20211214_al\u00e1\u00edrt<\/a><\/p>\n<p><a href=\"https:\/\/www.kvzrt.hu\/wp-content\/uploads\/2021\/08\/K\u00d6ZBESZERZ\u00c9SI-TERV_2021_M\u00d3D4_20210812_al\u00e1\u00edrt.pdf\">K\u00d6ZBESZERZ\u00c9SI TERV_2021_M\u00d3D4_20210812_al\u00e1\u00edrt<\/a><\/p>\n<p><a href=\"https:\/\/www.kvzrt.hu\/wp-content\/uploads\/2021\/08\/K\u00d6ZBESZERZ\u00c9SI-TERV_2021_M\u00d3D3_20210623_al\u00e1\u00edrt.pdf\">K\u00d6ZBESZERZ\u00c9SI TERV_2021_M\u00d3D3_20210623_al\u00e1\u00edrt<\/a><\/p>\n<p><a href=\"https:\/\/www.kvzrt.hu\/wp-content\/uploads\/2021\/05\/K\u00d6ZBESZERZ\u00c9SI-TERV_2021_M\u00d3D2_20210525.pdf\">K\u00d6ZBESZERZ\u00c9SI TERV_2021_M\u00d3D2_20210525<\/a><\/p>\n<p><a href=\"https:\/\/www.kvzrt.hu\/wp-content\/uploads\/2021\/03\/K\u00d6ZBESZERZ\u00c9SI-TERV_2021_M\u00d3D1_20210316_al\u00e1\u00edrt.pdf\">K\u00d6ZBESZERZ\u00c9SI TERV_2021_M\u00d3D1_20210316_al\u00e1\u00edrt<\/a><\/p>\n<p><a href=\"https:\/\/www.kvzrt.hu\/wp-content\/uploads\/2021\/02\/K\u00d6ZBESZERZ\u00c9SI-TERV_2021_210215.pdf\">K\u00d6ZBESZERZ\u00c9SI TERV_2021_210215<\/a><\/p>\n<p><a href=\"https:\/\/www.kvzrt.hu\/wp-content\/uploads\/2020\/09\/K\u00d6ZBESZERZ\u00c9SI-TERV-III.M\u00d3D_2020-09-28.pdf\">K\u00d6ZBESZERZ\u00c9SI TERV III.M\u00d3D_2020-09-28<\/a><\/p>\n<p><a href=\"https:\/\/www.kvzrt.hu\/wp-content\/uploads\/2020\/08\/K\u00d6ZBESZERZ\u00c9SI-TERV-II.M\u00d3D_2020-07-31.pdf\">K\u00d6ZBESZERZ\u00c9SI TERV II.M\u00d3D_2020-07-31<\/a><\/p>\n<p><a href=\"https:\/\/www.kvzrt.hu\/wp-content\/uploads\/2020\/07\/K\u00d6ZBESZERZ\u00c9SI-TERV-I.M\u00d3D_2020-07-02.pdf\">K\u00d6ZBESZERZ\u00c9SI TERV I.M\u00d3D_2020-07-02<\/a><\/p>\n<p><a href=\"https:\/\/www.kvzrt.hu\/wp-content\/uploads\/2020\/06\/Felt\u00f6lt\u00f6tt-K\u00f6zbeszerz\u00e9si-terv_2020_20200311.pdf\" target=\"_blank\" rel=\"noopener\">K\u00f6zbeszerz\u00e9si Terv 2020<\/a><\/p>\n<p><a href=\"https:\/\/www.kvzrt.hu\/wp-content\/uploads\/2020\/08\/K\u00d6ZBESZERZ\u00c9SI-TERV-M\u00d3D-III_2019-08-02.pdf\">K\u00d6ZBESZERZ\u00c9SI TERV M\u00d3D III_2019-08-02<\/a><\/p>\n<p><a href=\"https:\/\/www.kvzrt.hu\/wp-content\/uploads\/2020\/08\/K\u00d6ZBESZERZ\u00c9SI-TERV-M\u00d3D-II_2019-05-07.pdf\">K\u00d6ZBESZERZ\u00c9SI TERV M\u00d3D II_2019-05-07<\/a><\/p>\n<p><a href=\"http:\/\/www.kvzrt.hu\/wp-content\/uploads\/2019\/03\/K\u00d6ZBESZERZ\u00c9SI-TERV-M\u00d3D-I_2019-03-20.pdf\">K\u00d6ZBESZERZ\u00c9SI TERV M\u00d3D I_2019-03-20<\/a><\/p>\n<p><a href=\"http:\/\/www.kvzrt.hu\/wp-content\/uploads\/2019\/03\/K\u00d6ZBESZERZ\u00c9SI-TERV_2019_2019-01-04.pdf\">K\u00d6ZBESZERZ\u00c9SI TERV_2019_2019-01-04<\/a><\/p>\n<p><a href=\"http:\/\/www.kvzrt.hu\/wp-content\/uploads\/2018\/12\/K\u00f6zbeszerz\u00e9si-TERV-M\u00d3D-6_2018_181204.pdf\">K\u00f6zbeszerz\u00e9si TERV M\u00d3D 6_2018_181204<\/a><\/p>\n<p><a href=\"http:\/\/www.kvzrt.hu\/wp-content\/uploads\/2018\/11\/K\u00f6zbeszerz\u00e9si-TERV-M\u00d3D-5_2018_181128.pdf\">K\u00f6zbeszerz\u00e9si TERV M\u00d3D 5_2018_181128<\/a><\/p>\n<p><a href=\"http:\/\/www.kvzrt.hu\/wp-content\/uploads\/2018\/11\/K\u00f6zbeszerz\u00e9si-TERV-M\u00d3D-4_2018_181119.pdf\">K\u00f6zbeszerz\u00e9si TERV M\u00d3D 4_2018_181119<\/a><\/p>\n<p><a href=\"http:\/\/www.kvzrt.hu\/wp-content\/uploads\/2018\/07\/K\u00f6zbeszerz\u00e9si-TERV-M\u00d3D-3_2018_180711.pdf\">K\u00f6zbeszerz\u00e9si TERV M\u00d3D 3_2018_180711<\/a><\/p>\n<p><a href=\"http:\/\/www.kvzrt.hu\/wp-content\/uploads\/2018\/06\/K\u00f6zbeszerz\u00e9si-TERV-M\u00d3D-2_2018_180606.pdf\">K\u00f6zbeszerz\u00e9si TERV M\u00d3D 2_2018_180606<\/a><\/p>\n<p><a href=\"http:\/\/www.kvzrt.hu\/wp-content\/uploads\/2018\/06\/K\u00d6ZBESZERZ\u00c9SI-TERV-M\u00d3D-1_2018_180523.pdf\">K\u00d6ZBESZERZ\u00c9SI TERV M\u00d3D 1_2018_180523<\/a><\/p>\n<p><a href=\"http:\/\/www.kvzrt.hu\/wp-content\/uploads\/2018\/03\/K\u00d6ZBESZERZ\u00c9SI-TERV-2018_180329.pdf\">K\u00d6ZBESZERZ\u00c9SI TERV 2018_180329<\/a><\/p>\n<p><a href=\"http:\/\/www.kvzrt.hu\/wp-content\/uploads\/2017\/12\/K\u00f6zbeszerz\u00e9si-terv-2.m\u00f3d_-2017_171115.pdf\">K\u00f6zbeszerz\u00e9si terv 2.m\u00f3d_ 2017_171115<\/a><\/p>\n<p><a href=\"http:\/\/www.kvzrt.hu\/wp-content\/uploads\/2017\/07\/K\u00f6zbeszerz\u00e9si-terv-1.m\u00f3d_-2017_170710.pdf\">K\u00f6zbeszerz\u00e9si terv 1.m\u00f3d_ 2017_170710<\/a><\/p>\n<p><a href=\"http:\/\/www.kvzrt.hu\/wp-content\/uploads\/2017\/03\/K\u00d6ZBESZERZ\u00c9SI-TERV-2017_-170322.pdf\">K\u00d6ZBESZERZ\u00c9SI TERV 2017_ 170322<\/a><\/p>\n<p><a href=\"http:\/\/www.kvzrt.hu\/wp-content\/uploads\/2016\/12\/K\u00f6zbeszerz\u00e9si-TERV-2016-m\u00f3dos\u00edt\u00e1s-II_2016-12-16.pdf\">kozbeszerzesi-terv-2016-modositas-ii_2016-12-16<\/a><\/p>\n<p><a href=\"http:\/\/www.kvzrt.hu\/wp-content\/uploads\/2015\/11\/K\u00f6zbeszerz\u00e9si-TERV-2016-m\u00f3dos\u00edt\u00e1s_2016-10-03.pdf\">kozbeszerzesi-terv-2016-modositas_2016-10-03<\/a><\/p>\n<p><a href=\"http:\/\/www.kvzrt.hu\/wp-content\/uploads\/2015\/11\/2016-K\u00d6ZBESZERZ\u00c9SI-TERV_2016-03-23.pdf\">K\u00d6ZBESZERZ\u00c9SI TERV_2016-03-23<\/a><\/p>\n<p><a href=\"http:\/\/www.kvzrt.hu\/wp-content\/uploads\/2015\/12\/2015-Kozbeszteev_mod_2015-12-08.pdf\">K\u00f6zbeszerz\u00e9si terv 2015.12.08<\/a><\/p>\n<p><a href=\"http:\/\/www.kvzrt.hu\/wp-content\/uploads\/2015\/11\/KT20150630.pdf\">K\u00f6zbeszerz\u00e9si terv 2015.06.30<\/a><\/p>\n<p><a href=\"http:\/\/www.kvzrt.hu\/wp-content\/uploads\/2015\/11\/KT20140915.pdf\">K\u00f6zbeszerz\u00e9si terv 2014.09.15<\/a><\/p>\n<p><a href=\"http:\/\/www.kvzrt.hu\/wp-content\/uploads\/2015\/11\/KT20141215.pdf\">K\u00f6zbeszerz\u00e9si terv 2014.12.15<\/a><\/p>\n<p><a href=\"http:\/\/www.kvzrt.hu\/wp-content\/uploads\/2015\/11\/SZT2014001.pdf\">Szerz\u0151d\u00e9sek teljes\u00edt\u00e9se 2014.001<\/a><\/p>\n<p><a href=\"http:\/\/www.kvzrt.hu\/wp-content\/uploads\/2015\/11\/KT20150330.pdf\">K\u00f6zbeszerz\u00e9si terv 2015.03.30<\/a><\/p>\n<p><a href=\"http:\/\/www.kvzrt.hu\/wp-content\/uploads\/2015\/11\/KT20150630.pdf\">K\u00f6zbeszerz\u00e9si terv 2015.06.30<\/a><\/p>\n","protected":false},"excerpt":{"rendered":"<p>K\u00f6zbeszerz\u00e9si tervek K\u00f6zbeszerz\u00e9si Terv 2026 (felt\u00f6ltve: 2026.04.01.) K\u00f6zbeszerz\u00e9si Terv 2025 (felt\u00f6ltve: 2025.01.28.) K\u00f6zbeszerz\u00e9si Terv 2024. &#8211; 2. sz. m\u00f3dos\u00edt\u00e1s (felt\u00f6ltve: 2024.08.01.) K\u00f6zbeszerz\u00e9si Terv 2024. &#8211; 1. sz. m\u00f3dos\u00edt\u00e1s (felt\u00f6ltve: 2024.04.17.) K\u00d6ZBESZERZ\u00c9SI TERV I M\u00d3D_2023_230612 KOZBESZERZESI-TERV_2023_230328 KOZBESZERZESI-TERV_2022_2-MOD_20221102_alairt KOZBESZERZESI-TERV_2022_1-MOD_20221004_alairt KOZBESZERZESI-TERV_2022_20220309_alairt K\u00d6ZBESZERZ\u00c9SI TERV_2021_M\u00d3D5_20211214_al\u00e1\u00edrt K\u00d6ZBESZERZ\u00c9SI TERV_2021_M\u00d3D4_20210812_al\u00e1\u00edrt K\u00d6ZBESZERZ\u00c9SI TERV_2021_M\u00d3D3_20210623_al\u00e1\u00edrt K\u00d6ZBESZERZ\u00c9SI TERV_2021_M\u00d3D2_20210525 K\u00d6ZBESZERZ\u00c9SI TERV_2021_M\u00d3D1_20210316_al\u00e1\u00edrt K\u00d6ZBESZERZ\u00c9SI TERV_2021_210215 K\u00d6ZBESZERZ\u00c9SI TERV III.M\u00d3D_2020-09-28 K\u00d6ZBESZERZ\u00c9SI TERV [&hellip;]<\/p>\n","protected":false},"author":1,"featured_media":0,"parent":10,"menu_order":0,"comment_status":"closed","ping_status":"closed","template":"","meta":{"_monsterinsights_skip_tracking":false,"_monsterinsights_sitenote_active":false,"_monsterinsights_sitenote_note":"","_monsterinsights_sitenote_category":0,"footnotes":""},"class_list":["post-18","page","type-page","status-publish","hentry"],"_links":{"self":[{"href":"https:\/\/www.kvzrt.hu\/index.php?rest_route=\/wp\/v2\/pages\/18","targetHints":{"allow":["GET"]}}],"collection":[{"href":"https:\/\/www.kvzrt.hu\/index.php?rest_route=\/wp\/v2\/pages"}],"about":[{"href":"https:\/\/www.kvzrt.hu\/index.php?rest_route=\/wp\/v2\/types\/page"}],"author":[{"embeddable":true,"href":"https:\/\/www.kvzrt.hu\/index.php?rest_route=\/wp\/v2\/users\/1"}],"replies":[{"embeddable":true,"href":"https:\/\/www.kvzrt.hu\/index.php?rest_route=%2Fwp%2Fv2%2Fcomments&post=18"}],"version-history":[{"count":42,"href":"https:\/\/www.kvzrt.hu\/index.php?rest_route=\/wp\/v2\/pages\/18\/revisions"}],"predecessor-version":[{"id":3134,"href":"https:\/\/www.kvzrt.hu\/index.php?rest_route=\/wp\/v2\/pages\/18\/revisions\/3134"}],"up":[{"embeddable":true,"href":"https:\/\/www.kvzrt.hu\/index.php?rest_route=\/wp\/v2\/pages\/10"}],"wp:attachment":[{"href":"https:\/\/www.kvzrt.hu\/index.php?rest_route=%2Fwp%2Fv2%2Fmedia&parent=18"}],"curies":[{"name":"wp","href":"https:\/\/api.w.org\/{rel}","templated":true}]}}