{"id":1737,"date":"2019-06-03T13:02:54","date_gmt":"2019-06-03T12:02:54","guid":{"rendered":"http:\/\/www.kvzrt.hu\/?page_id=1737"},"modified":"2019-06-03T13:07:06","modified_gmt":"2019-06-03T12:07:06","slug":"ohegy-parki-jatszoterek","status":"publish","type":"page","link":"https:\/\/www.kvzrt.hu\/?page_id=1737","title":{"rendered":"\u00d3hegy parki j\u00e1tsz\u00f3terek"},"content":{"rendered":"<p><a href=\"http:\/\/www.kvzrt.hu\/wp-content\/uploads\/2019\/06\/felhivas-\u00d3hegy-parki-j\u00e1tsz\u00f3terek.pdf\">felhivas \u00d3hegy parki j\u00e1tsz\u00f3terek<\/a><\/p>\n<p><a href=\"http:\/\/www.kvzrt.hu\/wp-content\/uploads\/2019\/06\/KBVK_\u00d3hegy-parki-j\u00e1tsz\u00f3terek_Kivitelez\u00e9s_AD_ver1.0.pdf\">KBVK_\u00d3hegy parki j\u00e1tsz\u00f3terek_Kivitelez\u00e9s_AD_ver1.0<\/a><\/p>\n<p><a href=\"http:\/\/www.kvzrt.hu\/wp-content\/uploads\/2019\/06\/KBVK_\u00d3hegy-parki-j\u00e1tsz\u00f3terek_Szerz\u0151d\u00e9stervezet.pdf\">KBVK_\u00d3hegy parki j\u00e1tsz\u00f3terek_Szerz\u0151d\u00e9stervezet<\/a><\/p>\n<p><a href=\"http:\/\/www.kvzrt.hu\/wp-content\/uploads\/2019\/06\/EKR000974622018_bontasi_jegyzokonyv_201812120655.pdf\">EKR000974622018_bontasi_jegyzokonyv_201812120655<\/a><\/p>\n","protected":false},"excerpt":{"rendered":"<p>felhivas \u00d3hegy parki j\u00e1tsz\u00f3terek KBVK_\u00d3hegy parki j\u00e1tsz\u00f3terek_Kivitelez\u00e9s_AD_ver1.0 KBVK_\u00d3hegy parki j\u00e1tsz\u00f3terek_Szerz\u0151d\u00e9stervezet EKR000974622018_bontasi_jegyzokonyv_201812120655<\/p>\n","protected":false},"author":2,"featured_media":0,"parent":1199,"menu_order":0,"comment_status":"closed","ping_status":"closed","template":"","meta":{"_monsterinsights_skip_tracking":false,"_monsterinsights_sitenote_active":false,"_monsterinsights_sitenote_note":"","_monsterinsights_sitenote_category":0,"footnotes":""},"class_list":["post-1737","page","type-page","status-publish","hentry"],"_links":{"self":[{"href":"https:\/\/www.kvzrt.hu\/index.php?rest_route=\/wp\/v2\/pages\/1737","targetHints":{"allow":["GET"]}}],"collection":[{"href":"https:\/\/www.kvzrt.hu\/index.php?rest_route=\/wp\/v2\/pages"}],"about":[{"href":"https:\/\/www.kvzrt.hu\/index.php?rest_route=\/wp\/v2\/types\/page"}],"author":[{"embeddable":true,"href":"https:\/\/www.kvzrt.hu\/index.php?rest_route=\/wp\/v2\/users\/2"}],"replies":[{"embeddable":true,"href":"https:\/\/www.kvzrt.hu\/index.php?rest_route=%2Fwp%2Fv2%2Fcomments&post=1737"}],"version-history":[{"count":2,"href":"https:\/\/www.kvzrt.hu\/index.php?rest_route=\/wp\/v2\/pages\/1737\/revisions"}],"predecessor-version":[{"id":1743,"href":"https:\/\/www.kvzrt.hu\/index.php?rest_route=\/wp\/v2\/pages\/1737\/revisions\/1743"}],"up":[{"embeddable":true,"href":"https:\/\/www.kvzrt.hu\/index.php?rest_route=\/wp\/v2\/pages\/1199"}],"wp:attachment":[{"href":"https:\/\/www.kvzrt.hu\/index.php?rest_route=%2Fwp%2Fv2%2Fmedia&parent=1737"}],"curies":[{"name":"wp","href":"https:\/\/api.w.org\/{rel}","templated":true}]}}