{"id":1725,"date":"2019-06-03T12:29:14","date_gmt":"2019-06-03T11:29:14","guid":{"rendered":"http:\/\/www.kvzrt.hu\/?page_id=1725"},"modified":"2019-06-03T12:59:56","modified_gmt":"2019-06-03T11:59:56","slug":"s1-vizhalozat-felujitasa","status":"publish","type":"page","link":"https:\/\/www.kvzrt.hu\/?page_id=1725","title":{"rendered":"S1 V\u00edzh\u00e1l\u00f3zat fel\u00faj\u00edt\u00e1sa"},"content":{"rendered":"<p><a href=\"http:\/\/www.kvzrt.hu\/wp-content\/uploads\/2019\/06\/ATF-ekr.pdf\">ATF-ekr<\/a><\/p>\n<p><a href=\"http:\/\/www.kvzrt.hu\/wp-content\/uploads\/2019\/06\/KBVK_S1-v\u00edzh\u00e1l\u00f3zat_AD.pdf\">KBVK_S1 v\u00edzh\u00e1l\u00f3zat_AD<\/a><\/p>\n<p><a href=\"http:\/\/www.kvzrt.hu\/wp-content\/uploads\/2019\/06\/V\u00e1llSzerz-S1-v\u00edzh\u00e1l\u00f3zat-fel\u00faj\u00edt\u00e1s.pdf\">V\u00e1llSzerz-S1 v\u00edzh\u00e1l\u00f3zat fel\u00faj\u00edt\u00e1s<\/a><\/p>\n<p><a href=\"http:\/\/www.kvzrt.hu\/wp-content\/uploads\/2019\/06\/K\u00f6lts\u00e9gvet\u00e9s-arazatlan-S1-viznyomocso.pdf\">K\u00f6lts\u00e9gvet\u00e9s-arazatlan-S1 viznyomocso<\/a><\/p>\n<p><a href=\"http:\/\/www.kvzrt.hu\/wp-content\/uploads\/2019\/06\/EKR000991962018_bontasi_jegyzokony.pdf\">EKR000991962018_bontasi_jegyzokony<\/a><\/p>\n","protected":false},"excerpt":{"rendered":"<p>ATF-ekr KBVK_S1 v\u00edzh\u00e1l\u00f3zat_AD V\u00e1llSzerz-S1 v\u00edzh\u00e1l\u00f3zat fel\u00faj\u00edt\u00e1s K\u00f6lts\u00e9gvet\u00e9s-arazatlan-S1 viznyomocso EKR000991962018_bontasi_jegyzokony<\/p>\n","protected":false},"author":2,"featured_media":0,"parent":1199,"menu_order":0,"comment_status":"closed","ping_status":"closed","template":"","meta":{"_monsterinsights_skip_tracking":false,"_monsterinsights_sitenote_active":false,"_monsterinsights_sitenote_note":"","_monsterinsights_sitenote_category":0,"footnotes":""},"class_list":["post-1725","page","type-page","status-publish","hentry"],"_links":{"self":[{"href":"https:\/\/www.kvzrt.hu\/index.php?rest_route=\/wp\/v2\/pages\/1725","targetHints":{"allow":["GET"]}}],"collection":[{"href":"https:\/\/www.kvzrt.hu\/index.php?rest_route=\/wp\/v2\/pages"}],"about":[{"href":"https:\/\/www.kvzrt.hu\/index.php?rest_route=\/wp\/v2\/types\/page"}],"author":[{"embeddable":true,"href":"https:\/\/www.kvzrt.hu\/index.php?rest_route=\/wp\/v2\/users\/2"}],"replies":[{"embeddable":true,"href":"https:\/\/www.kvzrt.hu\/index.php?rest_route=%2Fwp%2Fv2%2Fcomments&post=1725"}],"version-history":[{"count":5,"href":"https:\/\/www.kvzrt.hu\/index.php?rest_route=\/wp\/v2\/pages\/1725\/revisions"}],"predecessor-version":[{"id":1736,"href":"https:\/\/www.kvzrt.hu\/index.php?rest_route=\/wp\/v2\/pages\/1725\/revisions\/1736"}],"up":[{"embeddable":true,"href":"https:\/\/www.kvzrt.hu\/index.php?rest_route=\/wp\/v2\/pages\/1199"}],"wp:attachment":[{"href":"https:\/\/www.kvzrt.hu\/index.php?rest_route=%2Fwp%2Fv2%2Fmedia&parent=1725"}],"curies":[{"name":"wp","href":"https:\/\/api.w.org\/{rel}","templated":true}]}}