{"id":1451,"date":"2018-06-26T13:52:26","date_gmt":"2018-06-26T12:52:26","guid":{"rendered":"http:\/\/www.kvzrt.hu\/?page_id=1451"},"modified":"2018-06-26T13:57:06","modified_gmt":"2018-06-26T12:57:06","slug":"csodapok-ovoda-laposteto","status":"publish","type":"page","link":"https:\/\/www.kvzrt.hu\/?page_id=1451","title":{"rendered":"Csodap\u00f3k \u00d3voda lapostet\u0151"},"content":{"rendered":"<p><a href=\"http:\/\/www.kvzrt.hu\/wp-content\/uploads\/2018\/06\/KBVK_Csodap\u00f3k_Kivitelez\u00e9s_AF_ver2.0_EKR.pdf\">KBVK_Csodap\u00f3k_Kivitelez\u00e9s_AF_ver2.0_EKR<\/a><\/p>\n<p><a href=\"http:\/\/www.kvzrt.hu\/wp-content\/uploads\/2018\/06\/KBVK_Csodap\u00f3k_Kivitelez\u00e9s_AD_ver2.0.pdf\">KBVK_Csodap\u00f3k_Kivitelez\u00e9s_AD_ver2.0<\/a><\/p>\n<p><a href=\"http:\/\/www.kvzrt.hu\/wp-content\/uploads\/2018\/06\/KBVK_Csodap\u00f3k_Kivitelez\u00e9s_Szerz\u0151d\u00e9stervezet_ver2.0.pdf\">KBVK_Csodap\u00f3k_Kivitelez\u00e9s_Szerz\u0151d\u00e9stervezet_ver2.0<\/a><\/p>\n<p>&nbsp;<\/p>\n","protected":false},"excerpt":{"rendered":"<p>KBVK_Csodap\u00f3k_Kivitelez\u00e9s_AF_ver2.0_EKR KBVK_Csodap\u00f3k_Kivitelez\u00e9s_AD_ver2.0 KBVK_Csodap\u00f3k_Kivitelez\u00e9s_Szerz\u0151d\u00e9stervezet_ver2.0 &nbsp;<\/p>\n","protected":false},"author":2,"featured_media":0,"parent":1199,"menu_order":0,"comment_status":"closed","ping_status":"closed","template":"","meta":{"_monsterinsights_skip_tracking":false,"_monsterinsights_sitenote_active":false,"_monsterinsights_sitenote_note":"","_monsterinsights_sitenote_category":0,"footnotes":""},"class_list":["post-1451","page","type-page","status-publish","hentry"],"_links":{"self":[{"href":"https:\/\/www.kvzrt.hu\/index.php?rest_route=\/wp\/v2\/pages\/1451","targetHints":{"allow":["GET"]}}],"collection":[{"href":"https:\/\/www.kvzrt.hu\/index.php?rest_route=\/wp\/v2\/pages"}],"about":[{"href":"https:\/\/www.kvzrt.hu\/index.php?rest_route=\/wp\/v2\/types\/page"}],"author":[{"embeddable":true,"href":"https:\/\/www.kvzrt.hu\/index.php?rest_route=\/wp\/v2\/users\/2"}],"replies":[{"embeddable":true,"href":"https:\/\/www.kvzrt.hu\/index.php?rest_route=%2Fwp%2Fv2%2Fcomments&post=1451"}],"version-history":[{"count":2,"href":"https:\/\/www.kvzrt.hu\/index.php?rest_route=\/wp\/v2\/pages\/1451\/revisions"}],"predecessor-version":[{"id":1456,"href":"https:\/\/www.kvzrt.hu\/index.php?rest_route=\/wp\/v2\/pages\/1451\/revisions\/1456"}],"up":[{"embeddable":true,"href":"https:\/\/www.kvzrt.hu\/index.php?rest_route=\/wp\/v2\/pages\/1199"}],"wp:attachment":[{"href":"https:\/\/www.kvzrt.hu\/index.php?rest_route=%2Fwp%2Fv2%2Fmedia&parent=1451"}],"curies":[{"name":"wp","href":"https:\/\/api.w.org\/{rel}","templated":true}]}}