{"id":1201,"date":"2018-02-02T08:32:36","date_gmt":"2018-02-02T07:32:36","guid":{"rendered":"http:\/\/www.kvzrt.hu\/?page_id=1201"},"modified":"2018-02-21T09:58:25","modified_gmt":"2018-02-21T08:58:25","slug":"pongrac-orvosi-rendelo-ii","status":"publish","type":"page","link":"https:\/\/www.kvzrt.hu\/?page_id=1201","title":{"rendered":"Pongr\u00e1c orvosi rendel\u0151 II."},"content":{"rendered":"<p><a href=\"http:\/\/www.kvzrt.hu\/wp-content\/uploads\/2018\/02\/Aj\u00e1nlatt\u00e9teli-felh\u00edv\u00e1s-megk\u00fcld\u00e9se_Pongr\u00e1c-orvosi-rendel\u0151-fel\u00faj\u00edt\u00e1sa-II_180126.pdf\">Aj\u00e1nlatt\u00e9teli felh\u00edv\u00e1s megk\u00fcld\u00e9se_Pongr\u00e1c orvosi rendel\u0151 fel\u00faj\u00edt\u00e1sa II_180126<\/a><\/p>\n<p><a href=\"http:\/\/www.kvzrt.hu\/wp-content\/uploads\/2018\/02\/K\u00f6zbeszerz\u00e9si-dokumentumok-II_Pongr\u00e1c-orvosi-rendel\u0151_180126.pdf\">K\u00f6zbeszerz\u00e9si dokumentumok II_Pongr\u00e1c orvosi rendel\u0151_180126<\/a><\/p>\n<p><a href=\"http:\/\/www.kvzrt.hu\/wp-content\/uploads\/2018\/02\/Bont\u00e1si-jkv-megk\u00fcld\u00e9se_Pongr\u00e1c-rendel\u0151-II_180208.pdf\">Bont\u00e1si jkv megk\u00fcld\u00e9se_Pongr\u00e1c rendel\u0151 II_180208<\/a><\/p>\n<p><a href=\"http:\/\/www.kvzrt.hu\/wp-content\/uploads\/2018\/02\/Aj\u00e1nlatt\u00e9telre-felk\u00e9rt-gazdas\u00e1gi-szerepl\u0151k-Pongr\u00e1c-II.pdf\">Aj\u00e1nlatt\u00e9telre felk\u00e9rt gazdas\u00e1gi szerepl\u0151k Pongr\u00e1c II<\/a><\/p>\n","protected":false},"excerpt":{"rendered":"<p>Aj\u00e1nlatt\u00e9teli felh\u00edv\u00e1s megk\u00fcld\u00e9se_Pongr\u00e1c orvosi rendel\u0151 fel\u00faj\u00edt\u00e1sa II_180126 K\u00f6zbeszerz\u00e9si dokumentumok II_Pongr\u00e1c orvosi rendel\u0151_180126 Bont\u00e1si jkv megk\u00fcld\u00e9se_Pongr\u00e1c rendel\u0151 II_180208 Aj\u00e1nlatt\u00e9telre felk\u00e9rt gazdas\u00e1gi szerepl\u0151k Pongr\u00e1c II<\/p>\n","protected":false},"author":2,"featured_media":0,"parent":1199,"menu_order":0,"comment_status":"closed","ping_status":"closed","template":"","meta":{"_monsterinsights_skip_tracking":false,"_monsterinsights_sitenote_active":false,"_monsterinsights_sitenote_note":"","_monsterinsights_sitenote_category":0,"footnotes":""},"class_list":["post-1201","page","type-page","status-publish","hentry"],"_links":{"self":[{"href":"https:\/\/www.kvzrt.hu\/index.php?rest_route=\/wp\/v2\/pages\/1201","targetHints":{"allow":["GET"]}}],"collection":[{"href":"https:\/\/www.kvzrt.hu\/index.php?rest_route=\/wp\/v2\/pages"}],"about":[{"href":"https:\/\/www.kvzrt.hu\/index.php?rest_route=\/wp\/v2\/types\/page"}],"author":[{"embeddable":true,"href":"https:\/\/www.kvzrt.hu\/index.php?rest_route=\/wp\/v2\/users\/2"}],"replies":[{"embeddable":true,"href":"https:\/\/www.kvzrt.hu\/index.php?rest_route=%2Fwp%2Fv2%2Fcomments&post=1201"}],"version-history":[{"count":3,"href":"https:\/\/www.kvzrt.hu\/index.php?rest_route=\/wp\/v2\/pages\/1201\/revisions"}],"predecessor-version":[{"id":1262,"href":"https:\/\/www.kvzrt.hu\/index.php?rest_route=\/wp\/v2\/pages\/1201\/revisions\/1262"}],"up":[{"embeddable":true,"href":"https:\/\/www.kvzrt.hu\/index.php?rest_route=\/wp\/v2\/pages\/1199"}],"wp:attachment":[{"href":"https:\/\/www.kvzrt.hu\/index.php?rest_route=%2Fwp%2Fv2%2Fmedia&parent=1201"}],"curies":[{"name":"wp","href":"https:\/\/api.w.org\/{rel}","templated":true}]}}